e -5*w + 16 = -4. Give k(w).
-14
Suppose 5*r - 2 = -3*c, -3 = -2*r - 3*c - 4. Let g(u) = -21*u**2 + u. What is g(r)?
-20
Let a(w) = 2 - 3 + 2*w + 0 - 11. Calculate a(9).
6
Let t(i) = -3*i**3 - 16*i**2 + 15*i - 8. Let p(n) = -n**3 - 5*n**2 + 5*n - 3. Let z(j) = -7*p(j) + 2*t(j). Calculate z(-5).
-20
Let b(r) = -2*r - 1. Suppose x - 2 = -3. Let f be (x + -11)*(-15)/(-10). Let t be (-3 - f/3)/1. Give b(t).
-7
Let x(o) = -o**2 + 4*o - 2. Let f = 7 + -4. Let a be x(f). Let s(g) = -2*g**2 - 2*g. Let c(i) = -18*i**2 - 8*i + 1. Let t(v) = -c(v) + 4*s(v). Determine t(a).
9
Let x(r) = -13*r - 1. Let s(q) = 7*q**2 + 5*q + 5. Let g be s(-3). Let i = -54 + g. Determine x(i).
12
Let k(r) = -4*r**3 - 12*r**2 - 3*r + 7. Let a(l) = -5*l**3 - 12*l**2 - 4*l + 8. Let m(g) = -3*a(g) + 4*k(g). Give m(-12).
4
Suppose -10 = -2*t + m, -4*t = -0*t + 5*m - 34. Suppose -5 = 3*k + 16. Let l = t + k. Let y(b) = 7*b**2 - 1. What is y(l)?
6
Let b(p) = -4 - 17*p**2 + 15*p**2 - 7*p + 14*p. Determine b(4).
-8
Let o(m) be the first derivative of -m**3/3 + 3*m**2/2 + 6*m - 9. Let d(a) = a**2 - 1. Let g(w) = -3*d(w) - o(w). Give g(-3).
-12
Suppose 2*z + x + 15 = 0, 0*z + 40 = -3*z + 2*x. Let r(m) = -m**2 - 9*m - 4. Determine r(z).
-14
Let p(r) = 4*r - r**2 + 76 - 4*r**2 - 2*r**3 + r**3 - 81. Let s(z) = 3*z. Let w be s(-2). Determine p(w).
7
Let x(c) = -20*c - 12. Let r(y) = y + 1. Let j(q) = 12*r(q) + x(q). Suppose 5 = 3*w + 4*s - 0*s, -s = w - 1. Calculate j(w).
8
Suppose -17*y = 54 + 48. Let o(p) be the second derivative of -p**5/20 - 7*p**4/12 - 5*p**3/6 - 2*p**2 - 2*p. Calculate o(y).
-10
Let k(o) = o - 5. Let b be k(3). Let u = -6 - b. Let z(j) be the first derivative of j**2 + 5*j - 13170. Determine z(u).
-3
Let o(g) be the first derivative of -g**3/3 + g**2 - 3*g - 466. What is o(0)?
-3
Let j(y) be the third derivative of y**6/120 - 2*y**5/15 + y**4/4 - y**3/6 - 95*y**2. What is j(7)?
-8
Let z(p) = 5*p**2 + 17*p - 32. Let g(x) = -14*x**2 - 45*x + 95. Let b(t) = -6*g(t) - 17*z(t). Calculate b(-17).
8
Let l be 2/(-6) - (-136)/(-24). Let p(s) be the third derivative of -5*s**2 + 0*s + 4/3*s**3 + 1/3*s**4 + 7/60*s**5 + 1/120*s**6 + 0. Determine p(l).
-4
Let z(a) be the second derivative of -a**4/6 + a**3/2 + 3*a**2/2 - 40*a + 1. Give z(5).
-32
Let s(l) = 2*l + l**3 - 22*l - 5*l - 6*l**2 + 34*l. Give s(5).
20
Let m(i) = -13 + 6 - 15*i + 5. Calculate m(-2).
28
Let l(i) be the third derivative of -i**8/20160 + i**7/5040 - i**6/180 - 9*i**5/20 + 12*i**2. Let x(t) be the third derivative of l(t). Give x(0).
-4
Let r(d) = 13*d + 4. Let x(a) = -35*a - 11. Let u(c) = -8*r(c) - 3*x(c). Give u(-7).
-6
Suppose 3*t + 5*u + 33 = 79, -8 = -4*t + 4*u. Let k(c) = c**2 - 8*c + 11. Determine k(t).
4
Let k(r) = -r - 33. Let p(o) = -2*o**2 + 31*o + 63. Let s be p(18). What is k(s)?
-6
Let p be (-2)/(1 - 36/30). Let a(k) = k**3 - 10*k**2 - 5. Give a(p).
-5
Let w(s) = -6*s - 2*s**2 - 4 + 3*s**2 - 2*s**2. Calculate w(-6).
-4
Let y(j) = -5*j - 4. Let c(f) = 13*f + 8. Let a(r) = -2*c(r) - 5*y(r). What is a(-2)?
6
Let v(h) = h - 7. Let j be 12*(-5 + 92/16). Determine v(j).
2
Let t(v) be the third derivative of 0 - 1/3*v**3 - 2*v**2 - 1/60*v**5 + 0*v**4 + 0*v. Let g(r) be the first derivative of t(r). Calculate g(3).
-6
Let x(q) = -2*q - 2*q**2 - 2*q + 7 - q - 2*q**2 - 2*q**2 - q**3. What is x(-5)?
7
Let f(b) = 15*b - 21. Let j(u) = 3*u - 2*u + 2*u + 0*u - 4. Let w(m) = 2*f(m) - 11*j(m). Determine w(2).
-4
Suppose 40*h - 512 = 168. Let v(p) = 3*p - 30. Give v(h).
21
Let n(r) be the second derivative of 0 - 2/3*r**3 - 3/2*r**2 - 13*r. What is n(-5)?
17
Let k be -2 + 4 + (-1)/(-1). Let a be (k + 2)*49/35. Let h(q) = q**3 - 8*q**2 + 8*q - 4. Determine h(a).
3
Let r(l) = -7*l - 2*l**3 + 1 + 5*l - 7*l + 15*l**2 - 5*l**2 + 1. Calculate r(4).
-2
Suppose 9 = 8*q - 39. Let n be (q/10 - 76/60)*6. Let b(l) = 10 + 6*l - 4 - 3*l. Calculate b(n).
-6
Let q(g) = 2 + 47*g - 27*g - 22*g - 5*g**2. What is q(2)?
-22
Let g(n) = -n**2 + 6*n + 9. Let u = -60 + 64. Let y be -14*(4 + (-18)/u). Determine g(y).
2
Let v(i) = 2*i. Let y(p) = -p**2 - 8*p + 3. Let r be y(0). Give v(r).
6
Let g(n) = 3*n**2 - 2*n + 2. Suppose -86 = -4*p + h + 2*h, -3*p + 5*h + 70 = 0. Suppose 15*d = 5*d + p. Calculate g(d).
10
Suppose -2*q - 4*i + 30 = 0, 56 - 11 = 5*q + 4*i. Let b(w) = -w**2 + 6*w - 5. Give b(q).
0
Let g(l) = l**3 - 5*l**2 - 6*l - 3. Let s be g(6). Let t = s - -8. Let r(x) = -x**3 - 5 + t*x**3 + 4 + 2*x**2 - x**3. What is r(-1)?
-2
Let g(p) = p**2 - 9*p + 9. Suppose -5*k - 2*i = -11, -i + 4 = 7*k - 5*k. Suppose -3*a = -k*w - 5*a + 27, -5*w + 3*a = -26. Give g(w).
-5
Suppose g + 2*g - g = 0. Let j(t) = -2 + g + 11*t - 13*t. Calculate j(-5).
8
Let t(g) = -1. Let x(w) = -3*w - 14. Let s(p) = -5*t(p) + x(p). Let b be s(-2). Let h(l) = -l**3 - 3*l**2 - 2*l - 1. Give h(b).
5
Let i(g) be the second derivative of g**3/3 + 9*g**2/2 - g - 78. Determine i(12).
33
Let o(w) = -43 - 69 + 81 + 3*w. Give o(11).
2
Let c(k) = 662 - 6*k - 221 - 216 - 219 + 2*k. Calculate c(-6).
30
Let b = -42 - -44. Let k = 6 + -3. Let v(i) = 0 + i**k - i**2 - 2 - 24*i + 23*i. Determine v(b).
0
Let a(f) = 11*f**2 + 16*f + 7. Let o(q) = 9*q**2 + 16*q + 8. Let w(c) = 4*a(c) - 5*o(c). Calculate w(-15).
3
Let g(w) = -w**2 - 2*w + 2. Suppose a - 16 = -a. Suppose -4 = z - 4*b - 8, z + a = -2*b. Calculate g(z).
-6
Let u(a) = a**3 - 2*a**2 - a + 2. Let p be 6/9 + 12/9. Give u(p).
0
Let q(v) = -225 + 112 + 2*v**2 + 113 - 6*v**3 - v. Let y(f) = f**2 + 6*f + 1. Let a be y(-6). Determine q(a).
-5
Let d(o) = 4*o**3 - 4*o**2 - o - 22. Let p(w) = 11*w**3 - 12*w**2 - 4*w - 60. Let k(m) = 8*d(m) - 3*p(m). Calculate k(-3).
55
Let t(x) = -2*x - 2*x**2 + 6*x**2 + x**3 - x**2 + 1. Let m be (-873)/(-582)*8/(-3). Calculate t(m).
-7
Let b(l) = -11*l + 45. Let a be b(13). Let r = 111 + a. Let o(k) = k**2 - 14*k + 12. Give o(r).
-1
Let q(l) be the first derivative of l**2/2 - 12*l + 72. Give q(6).
-6
Let l(g) = -5 + 177*g - 106*g - 72*g. Give l(9).
-14
Let x(h) = h**3 + 4*h**2 - 6*h - 3. Suppose 5 = -3*n - 2*k, 2*n + 15 = n - 4*k. Let b(p) = -10*p + 5. Let f be b(n). What is x(f)?
2
Let a(t) = 0*t + 0*t - t**2 - t + 3*t + 4 - 5*t. Calculate a(-5).
-6
Let k(d) = 3*d + 12. Suppose 8*x + 80 = -8*x. Determine k(x).
-3
Suppose 3*f = -f + 5*s - 24, 5*f - 3 = -2*s. Let i(m) = 4*m**2 - 6*m + 28 - 13 + 5*m - 16. Determine i(f).
4
Suppose -a + 11 = 3*s, -19 = -5*a - 5*s + 26. Let x(g) = g**2 - 6*g - 11. What is x(a)?
5
Let j(h) be the second derivative of 1/3*h**3 + 0 + 1/10*h**5 - 1/2*h**2 + 0*h**4 + 2*h. Let v(s) = -2*s**2 + 9*s - 8. Let i be v(3). What is j(i)?
3
Let w(l) = 9*l + 1. Suppose 0*d = 3*d - 6. Suppose 0 = j - 2*o - 2 - 6, -d*j - 2*o + 4 = 0. Suppose -j*z = 12, 2*p = -p + 5*z + 18. Calculate w(p).
10
Let o(y) = y**3 - 11*y**2 - 2. Suppose 0 = -42*d + 39*d - 39. Let s be 1*(1 - (d + 3)). What is o(s)?
-2
Let x(m) = 8*m**3 + 32*m**2 - 3*m + 9. Let b(c) = 3*c**3 + 11*c**2 - c + 3. Let o(n) = 11*b(n) - 4*x(n). Let w be 34/5 + 42/(-40) + 730/584. What is o(w)?
4
Let u(i) = i - 31. Let c = -284 + 284. Determine u(c).
-31
Let q(s) = s - 11. Let t be q(8). Let g = t + 8. Let i(z) be the third derivative of z**5/60 - z**4/4 + z**3/6 + z**2. Determine i(g).
-4
Let z(u) = -u**3 + u**2 + 8. Suppose 0 = -6*d - 3*d. What is z(d)?
8
Let h(r) = 2*r**2 - 79*r + 322. Let g be h(35). Let p(j) = 9*j - 10. What is p(g)?
53
Let c = 474 + -471. Let x(a) = -4*a**2 + 5*a - 4. Give x(c).
-25
Let a(q) be the second derivative of 2*q**2 + 3/2*q**3 + 0 + 3*q + 1/60*q**5 - 3/8*q**4. Let n(u) be the first derivative of a(u). What is n(6)?
-9
Let d(s) be the second derivative of -s**4/12 - 14*s**3/3 + 23*s**2/2 + 740*s. Give d(-29).
-6
Suppose -5*t - 4*z + 1 = 0, -5*t + 3 = -z + 3*z. Let m(k) = 4*k**3 + 2*k**2 + 2*k + 1. Let u(c) = -c**3 - c**2 - c. Let d(n) = t*m(n) + 3*u(n). What is d(-2)?
-9
Let r(s) = -9*s**2 + 4*s + 3*s**2 - 1 + s**3 - 2*s**3 + 5*s. Let p be r(-7). Let z be (-10)/p + (-10)/6. Let x(o) = -4*o**2 + o + 1. Give x(z).
-4
Let w(g) = 3*g**3 + g**2 - 3*g - 47. Let u(v) = 4*v**3 + 2*v**2 - 4*v - 48. Let o(l) = 2*u(l) - 3*w(l). Determine o(0).
45
Let l be 3 - (-1)/2*6. Suppose 3*w - l - 9 = 0. Let k(u) = 4*u - u + u**2 - 4 - 8*u. Calculate k(w).
-4
Let o(f) = -f + 5. Let t = 5 - -17. Let z = 30 - t. Suppos